 What is the units digit of h?
2
Let t = -525 - -283. Suppose -5*o + h + 2723 = 562, 1287 = 3*o - 3*h. Let i = t + o. What is the hundreds digit of i?
1
Suppose -81*q + 86*q - 2*d - 36741 = 0, 3*d = -4*q + 29356. What is the tens digit of q?
4
Let u(x) = 68*x + 138. Let t(f) = 138*f + 275. Let c(d) = 2*t(d) - 5*u(d). What is the units digit of c(-3)?
2
Suppose -z - 11 = -262. Let f = z - 70. What is the hundreds digit of f?
1
Suppose 233771 = -20*a + 681831. What is the ten thousands digit of a?
2
Let l be -4 - (-4)/(8/18). Let y = 7 + l. What is the units digit of 3/9 + (2264/y - -1)?
0
Suppose -168*l + 167*l + 4*j + 1582 = 0, 4*l - 6361 = 5*j. What is the units digit of l?
4
Let g(s) be the third derivative of -11*s**4/24 + 16*s**3/3 + 5*s**2. Let f = -28 - -24. What is the tens digit of g(f)?
7
Suppose -7*i = -2*i + 30. Let q(j) = 25*j - 7. Let x(f) = -f + 1. Let m(c) = i*x(c) - q(c). What is the tens digit of m(-1)?
2
Let w(s) = -8*s - 98. Let k be w(-10). Let p = 89 + k. What is the tens digit of p?
7
Suppose 0 = -1460*m + 1458*m + 8. Suppose -2*o - 12 = -6*o, -3*o = -m*g + 4987. What is the hundreds digit of g?
2
Let m(b) = 9*b**3 - 2*b**2 + b. Let h be m(1). Suppose -h*p - 6 = -10*p. What is the units digit of p + (2 - 3) + 29?
1
Let l = -33 + 108. Let r(z) = l - 34 - 20*z - 32. What is the units digit of r(-2)?
9
Suppose o = 3*q + 7, o = 2*q + 2*o + 8. Let h(y) = 36*y**2 + 5*y + 4. What is the hundreds digit of h(q)?
3
Let g(i) = 3 + 28*i**2 + 8*i - 19*i**2 - 3*i. Let y be g(-4). Suppose -2*o = -y - 33. What is the tens digit of o?
8
Suppose -h = -2*u + 45978, 5*h = -3*u + 32298 + 36630. What is the ten thousands digit of u?
2
Suppose i + 894 = -5*r - 8275, 4*r - 2*i = -7324. Let n = -1132 - r. What is the hundreds digit of n?
7
Suppose 0*a + 4*l = 3*a - 5, -4*l = 2*a - 10. Let q(z) = z + 8. Let k be q(-6). Suppose 2*p + 21 = k*w - a, -3 = 3*p. What is the tens digit of w?
1
Suppose 0 = 2*h - s - 50661, s + 101325 = 313*h - 309*h. What is the thousands digit of h?
5
Let k be 6/(-5)*(-560)/(-42)*-1. Suppose k*i - 24500 = -12*i. What is the tens digit of i?
7
Suppose -54756 = -2*y + 2*n, 743*y - 2*n = 744*y - 27396. What is the units digit of y?
4
Let u(f) = -f - 10. Let r be u(-14). Suppose 5*z + r*l + 269 = -197, -5*l = -3*z - 287. What is the tens digit of (-3)/(-5) + z/(-10) - 0?
1
Suppose 3*u - 1 - 5 = 2*a, 5*u = -4*a + 10. Suppose 5*l + 4*f - 576 = a, 215 = 3*l + 5*f - 128. What is the hundreds digit of l?
1
What is the hundreds digit of ((-6)/10)/(7/(-43925))?
7
Suppose -10*v + 9*v + 7464 = 5*o, -5*v - 2*o = -37251. What is the thousands digit of v?
7
Let o(m) = -3629*m - 6844. What is the ten thousands digit of o(-10)?
2
Suppose t + 14 = 36. Suppose 16*y = t*y - 4608. What is the units digit of y?
8
Suppose 7*l - 2*l = 5*q - 70, -2*q = -3*l - 30. Suppose 2*b = -q*b + 5012. What is the tens digit of b?
5
Let w = 458 - 453. Suppose 3*t = -15, -4*x + 3*t = w*t - 3286. What is the units digit of x?
4
Let l be -2*(-2)/(-20) - (-37920)/100. What is the units digit of -3*(-8)/(24/l)?
9
Let k = -12 + 18. Suppose -2*q + 16 = k. Suppose -299 = -2*s - q*d, 3*s = 5*d + 433 + 53. What is the tens digit of s?
5
What is the units digit of 630/(-12)*(-452 + -2)?
5
Suppose -3*f + 49 = 5*n, 2*f + 4*n = -3*f + 60. Suppose f*b - 744 = -2*t + 10*b, 2*t - 4*b = 744. What is the tens digit of t?
7
Let l = 109502 - 65862. What is the units digit of l?
0
Let n be 12/45*3*5. Suppose 5*b = -10, -2*b - 2*b - 9 = -m. Suppose -13 = -n*u - m. What is the units digit of u?
3
Let d(c) = -2*c**2 - 3*c + 34. Let k(j) = 3*j**2 - 1. Let n(z) = d(z) + k(z). What is the hundreds digit of n(-12)?
2
Let s(f) be the first derivative of -f**3 + 10*f + 11. Let r be s(6). Let j = r - -145. What is the tens digit of j?
4
Let p = 9026 - 2316. What is the hundreds digit of p?
7
Let z(v) = 15*v**3 - v**2 + 2*v - 2. Let p be z(1). Suppose 856 = -p*f + 16*f. What is the hundreds digit of f?
4
Let j be (-1 + 141/(-12))/(39/(-208)). Let f = -72 + j. Let p(h) = 2*h**2 + 3*h - 11. What is the units digit of p(f)?
9
Suppose 4*o = -3*t + 6*t - 27, -3*o - 19 = -2*t. Suppose w = -3*s, t*w - 14 = -0*w - s. What is the units digit of (w*1)/(5/(1850/15))?
4
Suppose -76 - 136 = -4*f. Suppose f = z + 64. What is the hundreds digit of (-1760)/z - (1 - 4)?
1
Let l(a) be the third derivative of 0*a - 1/6*a**3 + 9*a**2 - 1/60*a**5 - 13/24*a**4 + 0. What is the tens digit of l(-9)?
3
What is the tens digit of (-14)/10 + 183960/525?
4
Let q = -24307 - -42475. What is the hundreds digit of q?
1
Let g = -190 - -273. Let y = 18 + g. Let k = y - 24. What is the units digit of k?
7
Let j = 42 + -27. Suppose -22*t - 65*t + 783 = 0. Let r = j - t. What is the units digit of r?
6
Let c(h) = 424*h + 150. Let d be c(-2). Let j = d - -1036. What is the hundreds digit of j?
3
Suppose -23 = 6*c - 47. Suppose 0 = -p + 2*k + 160, c*p - 806 = -p + 4*k. What is the hundreds digit of p?
1
Suppose 15 = l + w, w + 52 = 4*l - 3*w. What is the hundreds digit of 20/(-140) - (-9186)/l?
6
Let y = -62 - -100. Suppose 2*r + 5*n - y = 2*n, 5*n + 20 = 0. What is the tens digit of r?
2
Let r be (-8)/(-6)*3/2. Suppose 4*q - 12 = 4*v, -5*v - 1 - r = -q. Suppose -s - q*s + 8 = 0. What is the units digit of s?
2
Suppose 4*m - 2*r - 101054 = -0*m, -3*r + 25281 = m. What is the units digit of m?
6
Suppose -3*z - 7*z + 1000 = 0. Let l = z - 90. Suppose 3172 = l*n + 3*n. What is the hundreds digit of n?
2
Let v = -1984 - -4904. What is the tens digit of v?
2
Let s = -128 + 285. Let c = s - 693. Let i = -382 - c. What is the hundreds digit of i?
1
Let k(o) = 16*o**2 + 2*o - 3. Suppose 0 = 2*g - 3*v - 222, 2*g = -3*v + 2*v + 230. Let b = 117 - g. What is the hundreds digit of k(b)?
1
Let v be ((-3)/(-12))/((-8)/(-3680)). Suppose -v*g - 1295 = -122*g. What is the units digit of g?
5
Suppose 5*z = 4*c + 136, -2*z - 5*c = 2*z - 76. Let d = z - 22. What is the tens digit of 824/6 + d/(-6)?
3
Suppose -2*x = -a + 20, -17 = 1055*a - 1059*a + x. Suppose 44 = 5*k + 14. Suppose 4*c + a*l - 236 = k*l, 0 = 3*l - 9. What is the units digit of c?
2
Suppose -206415 = -21*c + 37626. What is the tens digit of c?
2
Let k be -2*(-6)/(-9)*-9. Let q(p) = -2*p**2 - 4*p**2 - 11*p**3 - 2*p - 15 + k*p**3 - p**2. What is the tens digit of q(9)?
2
Suppose -10*b - 29722 = -70822. What is the thousands digit of b?
4
Suppose 4*s = -3*a - 0*a, 2*a = -2*s. Suppose 4*h + a*h = 32. Suppose -h*y + 402 = 42. What is the tens digit of y?
4
Let p be (-6)/2 + 0 + 6. Suppose 0 = p*c - 31 - 1655. What is the hundreds digit of c?
5
Suppose -4*h + 6*h = -50. Let k = h + 25. What is the units digit of (-36)/(-8)*(-22)/(-3) - k?
3
Let o(f) = f**3 + 32*f**2 - 3*f - 91. Let l be o(-32). Suppose 5*p - 2487 = 3*n, 0*p - l*p + 2463 = 3*n. What is the units digit of p?
5
Suppose -67*w + 41233 = -46470. What is the hundreds digit of w?
3
Suppose -4*p = 4*d - 0*d + 32, 42 = -4*d + p. What is the units digit of 2/d + (-1788)/(-15)?
9
Suppose 12*z = -4*p + 763288, -5*p - 41902 = -z + 21732. What is the hundreds digit of z?
6
Suppose -160*h + 3083730 = -15*h - 543155. What is the tens digit of h?
1
What is the units digit of (-3 - (337/2)/((-11)/2662)) + -3?
1
Let k(c) = 28*c**2 - 5*c + 7. Let h be k(3). Let a = h - -141. What is the tens digit of a?
8
Suppose 4*v + 2 = -3*m + m, -2*m = 5*v. What is the hundreds digit of 6 + (-1324)/(-6 + v)?
3
Let k(j) = 1 + 68*j**2 - 7*j - 17*j**2 + 7. What is the units digit of k(1)?
2
Let y(c) = 2*c**3 + 3*c - 2. Let k = -78 - -79. Let q be y(k). Suppose q*m + 801 = 6*m. What is the hundreds digit of m?
2
Suppose -138*l = -147*l + 18. Suppose -l*m = 3*v - 4*m - 2448, -4*v = -5*m - 3257. What is the units digit of v?
8
Suppose 2*m = 5*b + 13951, 3*b + 15365 = 3*m - 5584. What is the hundreds digit of m?
9
Suppose 222*i = 408*i - 208*i + 1390466. What is the hundreds digit of i?
2
Suppose 85*w - 90*w + 105 = 0. What is the hundreds digit of ((-3006)/w)/((-9)/42)?
6
Let s = -146 - -150. Suppose -4*p + 931 = -5*x, p + 4*p - 1166 = s*x. What is the hundreds digit of p?
2
Suppose -b = 2*l - 394, -3*l + b + 390 = -l. Suppose 4*i + 4*c + 456 = 0, -472 = i + 3*i - 4*c. Let f = i + l. What is the tens digit of f?
8
Let s = -213 + 215. Suppose 22 = s*d - 566. W